6)?
16
Let k(f) = -46*f - 190. Give k(-7).
132
Let z(v) = -v**2 - 78*v + 504. Give z(6).
0
Let j(y) = -y**2 + y + 28. Determine j(-7).
-28
Let i(h) = 17*h**2 + 11. Calculate i(2).
79
Let k(j) = -j**3 - 148*j**2 - 612*j - 68349. What is k(-147)?
6
Let g(n) = -710*n + 41179. Give g(58).
-1
Let t(z) = 573*z + 1156. What is t(-2)?
10
Let l(h) = -21*h - 246. Give l(-9).
-57
Let t(k) = 2423*k + 130838. Determine t(-54).
-4
Let t(u) = 21*u**2 - 13*u - 12. Determine t(2).
46
Let m(g) = -447*g + 23. What is m(0)?
23
Let z(d) = 94*d - 296. Calculate z(3).
-14
Let s(l) = 168*l + 2864. Calculate s(-17).
8
Let b(f) = -f**3 - 105*f**2 + 173*f + 7147. What is b(-106)?
45
Let r(o) = -32*o**2 - 1313*o - 56. Give r(-41).
-15
Let p(s) = 3*s**2 - 68*s - 46. What is p(25)?
129
Let x(z) = z**2 + 26*z - 274. Determine x(-35).
41
Let l(u) = -26*u**2 - 41*u + 446. Give l(-5).
1
Let l(w) = 24*w**2 + 10405*w + 5633. What is l(-433)?
4
Let r(x) = -44*x - 669. Determine r(-15).
-9
Let z(x) = -x**3 + 45*x**2 - 2*x + 19. Determine z(0).
19
Let u(j) = -21*j - 475. What is u(-21)?
-34
Let x(m) = -3*m**2 - 1386*m - 4163. What is x(-3)?
-32
Let f(d) = d**3 + d**2 - 212*d - 27. Calculate f(-15).
3
Let v(a) = 2*a**2 + 62*a - 126. Calculate v(-30).
-186
Let z(r) = -r**3 + 16*r**2 - 37*r + 3. Calculate z(12).
135
Let f(z) = 127*z**2 - 2284*z - 24. What is f(18)?
12
Let d(g) = 2*g**3 + 85*g**2 + 200*g - 43. Give d(-40).
-43
Let b(f) = 7335*f - 58675. Give b(8).
5
Let j(t) = 35*t**2 + 344*t - 58. What is j(-10)?
2
Let x(a) = -690*a - 3448. What is x(-5)?
2
Let j(x) = -16*x**3 + 3*x**2 - 11*x - 3. Determine j(3).
-441
Let o(t) = -21*t - 102. Give o(9).
-291
Let s(b) = b**2 + 1271*b - 7662. Determine s(6).
0
Let x(p) = p**2 + 26*p + 142. Give x(-9).
-11
Let l(o) = -5*o**2 - 623*o - 359. Give l(-124).
13
Let s(t) = -22*t**2 - 31*t - 1. Calculate s(-2).
-27
Let d(h) = -h**3 - 45*h**2 - 265*h + 2. What is d(-7)?
-5
Let o(f) = f**2 + 21*f + 38. Determine o(-17).
-30
Let o(p) = -29*p**3 - 39*p + 38. Give o(1).
-30
Let v(y) = 290*y - 28385. Give v(98).
35
Let g(a) = -a**2 - 54*a - 116. Determine g(-56).
-228
Let v(s) = -s**3 + 57*s**2 + 16*s + 25. Calculate v(57).
937
Let h(k) = -100*k - 64. Give h(1).
-164
Let v(s) = s**3 - 8*s**2 - 148*s - 73. Give v(17).
12
Let c(x) = 130*x**3 - 9*x - 10. Calculate c(-1).
-131
Let f(p) = 61*p + 2448. Calculate f(-44).
-236
Let k(l) = 11*l**2 - 776*l - 1970. What is k(73)?
1
Let r(m) = m**3 - 13*m**2 - 16*m + 30. Calculate r(14).
2
Let a(s) = 39*s + 998. What is a(-26)?
-16
Let q(f) = 7*f**2 + 2*f + 15. What is q(3)?
84
Let b(i) = -2*i**3 - 72*i**2 + 4*i + 143. What is b(-36)?
-1
Let i(b) = -3*b**3 + 44*b**2 - 31*b + 32. Give i(14).
-10
Let m(x) = -x**3 - 5*x**2 - 29*x - 200. What is m(-5)?
-55
Let x(o) = -8*o**2 - 202*o - 234. What is x(-24)?
6
Let t(b) = 24*b + 299. Calculate t(-14).
-37
Let l(z) = z**3 + 32*z**2 + 151*z - 138. Determine l(-26).
-8
Let l(z) = -25*z - 434. What is l(-17)?
-9
Let u(k) = 1969*k + 9842. Give u(-5).
-3
Let j(l) = l**2 - 21*l + 11. Give j(22).
33
Let k(l) = 44*l**2 + 219*l + 19. What is k(-5)?
24
Let b(g) = g**2 + 103*g - 4812. Determine b(35).
18
Let s(y) = y**2 - 34*y + 141. Determine s(27).
-48
Let f(d) = d**2 + 12*d + 83. Determine f(-9).
56
Let a(i) = i**2 - 25*i - 528. Calculate a(39).
18
Let s(j) = j**2 + 58*j + 85. What is s(-56)?
-27
Let m(v) = -238*v**2 - 7141*v - 31. Determine m(-30).
-1
Let d(g) = 88*g + 342. What is d(-4)?
-10
Let c(l) = 15*l - 832. Give c(59).
53
Let r(t) = 9*t**3 - 4*t - 9. Calculate r(-3).
-240
Let p(k) = 14*k**3 - 2*k**2 - 135*k + 273. Determine p(2).
107
Let g(h) = -h**3 - 22*h**2 + 8*h + 50. Determine g(-22).
-126
Let l(b) = -910*b + 25479. Determine l(28).
-1
Let g(i) = 9*i - 232. Calculate g(26).
2
Let f(k) = 6*k**3 - 92*k**2 + 32*k - 31. Give f(15).
-1
Let g(q) = q**3 + 9*q**2 - 33*q - 15. Calculate g(-8).
313
Let p(k) = -4*k**3 - 6*k**2 + 31*k - 38. Give p(-4).
-2
Let x(r) = -r**3 - 50*r**2 - 45*r + 195. Calculate x(-49).
-1
Let t(g) = -43*g - 1023. Determine t(-22).
-77
Let x(c) = -c**3 - 16*c**2 - 30*c - 28. Determine x(-14).
0
Let g(s) = 6*s**3 - s**2 + 6*s - 4. Determine g(1).
7
Let y(q) = -20*q - 66. Determine y(-11).
154
Let t(a) = -49*a + 479. Give t(13).
-158
Let h(x) = -2*x**2 - 253*x - 318. Determine h(-125).
57
Let r(k) = 2*k**2 + 81*k + 297. Determine r(-36).
-27
Let w(c) = c**3 - 4*c**2 - 52*c - 19. What is w(12)?
509
Let g(v) = -100*v - 889. Calculate g(-12).
311
Let o(h) = 438*h - 3507. Give o(8).
-3
Let y(v) = -v**3 + 9*v**2 - 12*v + 18. Determine y(6).
54
Let b(g) = -g**3 + 5*g**2 + 235*g - 10. Give b(0).
-10
Let d(s) = -s**3 + 18*s**2 + 8*s - 137. What is d(18)?
7
Let u(r) = -r**2 - 70*r - 676. What is u(-13)?
65
Let f(s) = 18*s + 620. Calculate f(-22).
224
Let i(q) = q**2 + 31*q - 655. Give i(15).
35
Let p(j) = j**3 - 32*j**2 + 31*j + 188. What is p(31)?
188
Let g(s) = s**3 - 29*s**2 - 208*s - 19. Give g(35).
51
Let a(h) = h**3 - 133*h**2 + 1770*h + 3. Determine a(118).
3
Let b(r) = 1660*r - 11. What is b(0)?
-11
Let y(v) = -123*v**2 + 898*v - 271. What is y(7)?
-12
Let r(s) = -2*s**2 + 41*s + 82. Determine r(22).
16
Let q(z) = 3*z**2 - 178*z + 1093. Determine q(52).
-51
Let u(v) = -v**3 - 3*v**2 - 14*v - 11. Determine u(-4).
61
Let a(q) = -13*q**2 - 7*q - 12. Give a(-2).
-50
Let d(a) = -a**3 + 4*a**2 + 55*a - 269. Calculate d(6).
-11
Let x(y) = y**2 - 159*y - 3727. Calculate x(-21).
53
Let c(g) = 786*g + 9417. Give c(-12).
-15
Let k(n) = 2*n**2 + 21*n - 382. What is k(9)?
-31
Let k(v) = -11*v - 281. Give k(-20).
-61
Let i(f) = f**3 - 29*f**2 + 197*f - 10. Give i(12).
-94
Let a(s) = -5*s**2 - s - 16. Determine a(-4).
-92
Let p(n) = -2*n**3 - 46*n**2 + 50*n. Calculate p(-24).
-48
Let i(a) = 2963*a - 50375. Determine i(17).
-4
Let m(w) = 66*w + 67. Determine m(-1).
1
Let a(d) = -d**2 + 2*d + 12. Determine a(5).
-3
Let x(k) = -5*k - 91. What is x(-29)?
54
Let w(l) = l + 207. What is w(-12)?
195
Let j(l) = l**2 - 65. Determine j(7).
-16
Let s(t) = 4*t**2 + 241*t - 161. Calculate s(-56).
-1113
Let k(d) = -d**3 - 8*d**2 - 223*d - 2083. Give k(-9).
5
Let y(n) = 65*n**3 - 15*n**2 + 18*n - 3. Calculate y(1).
65
Let r(t) = -t**3 + 14*t**2 - 6*t + 92. What is r(14)?
8
Let y(p) = -85*p - 364. Determine y(-4).
-24
Let v(x) = -x**3 + 6*x**2 + 4*x - 58. Calculate v(-3).
11
Let q(d) = -4*d**2 + 163*d - 235. Determine q(38).
183
Let d(v) = -58*v + 2050. Determine d(37).
-96
Let v(f) = -f**3 + 8*f**2 + 32*f - 124. Calculate v(10).
-4
Let r(v) = v**2 - 59*v - 312. Calculate r(-5).
8
Let d(w) = w**3 + 41*w**2 + 356*w + 44. What is d(-28)?
268
Let u(v) = -227*v - 2737. Determine u(-12).
-13
Let b(g) = 64*g + 5361. What is b(-86)?
-143
Let r(s) = 5*s**2 + 86*s + 52. Give r(-17).
35
Let w(a) = a**3 - 12*a**2 + 29*a + 22. Give w(9).
40
Let c(b) = -277*b - 2497. Calculate c(-9).
-4
Let l(m) = m**3 - 14*m**2 + 64*m - 657. Give l(13).
6
Let g(s) = -3*s**2 + 9*s - 11. Determine g(-2).
-41
Let q(b) = b**2 - 201*b + 2623. Calculate q(14).
5
Let x(a) = 39*a - 463. Calculate x(18).
239
Let q(z) = -z**3 - 12*z**2 - 23*z - 19. Give q(-6).
-97
Let b(g) = 46*g + 2393. Determine b(-52).
1
Let z(g) = -2*g**2 + 56*g - 397. Determine z(10).
-37
Let m(n) = -37*n**2 + 265*n + 35. Give m(7).
77
Let c(t) = 4*t**2 - 85*t + 163. Give c(2).
9
Let r(y) = -32*y**2 - 142*y - 34. What is r(-4)?
22
Let v(z) = 7*z**2 + 206*z + 229. What is v(-28)?
-51
Let z(x) = -x**3 - 35*x**2 + 137*x + 167. Calculate z(-38).
-707
Let y(a) = -a**2 + 323*a - 2510. What is y(8)?
10
Let u(d) = -13*d**2 + 115*d + 11. What is u(11)?
-297
Let y(r) = -r**3 - 40*r**2 + 80*r - 168. What is y(-42)?
0
Let v(z) = z**3 - 2*z**2 + 15*z + 2. Calculate v(4).
94
Let a(k) = -192*k + 2630. Give a(16).
-442
Let s(u) = 5*u**2 - 89*u - 599. Give s(23).
-1
Let y(t) = -2*t**2 - 50*t + 45. Determine y(-25).
45
Let z(n) = -n**2 + 58*n - 302. What is z(7)?
55
Let i(x) = x**3 - 4*x**2 - 3*x + 30. Calculate i(6).
84
Let l(b) = -b**2 - 370*b + 1874. Calculate l(5).
-1
Let q(t) = -t**2 - 10*t + 225. Determine q(-29).
-326
Let v(l) = 3*l**2 - 163*l - 47. Calculate v(55).
63
Let k(g) = g**3 + 2*g**2 + 11*g + 1. Give k(0).
1
Let a(s) = 1167*s - 11677. Give a(10).
-7
Let v(z) = -101*z + 1894. Give v(14).
480
Let y(p) = 5*p**2 + 15*p + 54. Determine y(-4).
74
Let x(l